{"id":23,"date":"2024-02-08T10:57:54","date_gmt":"2024-02-08T09:57:54","guid":{"rendered":"https:\/\/deichgezwitscher.de\/?page_id=23"},"modified":"2024-02-18T15:51:51","modified_gmt":"2024-02-18T14:51:51","slug":"das-miteinander","status":"publish","type":"page","link":"https:\/\/deichgezwitscher.de\/?page_id=23","title":{"rendered":"Das Miteinander"},"content":{"rendered":"\n<p><\/p>\n\n\n\n<p>Wir legen einen besonderen Wert auf ein solidarisches und generationen\u00fcbergreifendes Miteinander und auf Offenheit, Toleranz und Respekt untereinander.&nbsp;<br>Wir wollen die Vielfalt in unserer Gruppe zum Gelingen unseres Projektes und zur Gestaltung unseres Zusammenlebens nutzen.<\/p>\n\n\n\n<p><br>Die Gemeinschaftsfl\u00e4chen bieten uns Raum f\u00fcr Aktivit\u00e4ten, Arbeitstreffen und Geselligkeit. Die Struktur der H\u00e4user f\u00f6rdert die allt\u00e4gliche Begegnung: Waschmaschinenraum, ein Raum f\u00fcr unsere selbstorganisierte Food Coop, ein Garten und ein Gemeinschaftsraum mit K\u00fcche und Bad bilden die Orte f\u00fcr unser gemeinschaftliches Leben. Hier wollen wir zusammen kochen, spielen, feiern, musizieren, Filme gucken, arbeiten und Aktivit\u00e4ten anbieten, sowohl im verbindlichen als auch im spontanen Zusammenhang.<\/p>\n\n\n\n<p><br>Dar\u00fcber hinaus haben wir uns f\u00fcr das Car- und Bikesharing als auch f\u00fcr die Bewirtschaftung der umliegenden Gr\u00fcnfl\u00e4che als Gemeinschaftsaktivit\u00e4t entschieden. Bei der g\u00e4rtnerischen Nutzung der Gr\u00fcnfl\u00e4che geht es uns um die Anzucht saisonaler Lebensmittel. Einige unserer Mitglieder pachten seit Jahren G\u00e4rten in einem der nahegelegenen Kleingartenvereine in Georgswerder; sie bringen die Expertise zum \u00f6kologischen Anbau mit und k\u00f6nnen diese weitervermitteln.<\/p>\n","protected":false},"excerpt":{"rendered":"<p>Wir legen einen besonderen Wert auf ein solidarisches und generationen\u00fcbergreifendes Miteinander und auf Offenheit, Toleranz und Respekt untereinander.&nbsp;Wir wollen die Vielfalt in unserer Gruppe zum Gelingen unseres Projektes und zur Gestaltung unseres Zusammenlebens nutzen. Die Gemeinschaftsfl\u00e4chen bieten uns Raum f\u00fcr Aktivit\u00e4ten, Arbeitstreffen und Geselligkeit. Die Struktur der H\u00e4user f\u00f6rdert die allt\u00e4gliche Begegnung: Waschmaschinenraum, ein Raum [&hellip;]<\/p>\n","protected":false},"author":1,"featured_media":0,"parent":9,"menu_order":0,"comment_status":"closed","ping_status":"closed","template":"","meta":{"footnotes":""},"class_list":["post-23","page","type-page","status-publish","hentry"],"_links":{"self":[{"href":"https:\/\/deichgezwitscher.de\/index.php?rest_route=\/wp\/v2\/pages\/23","targetHints":{"allow":["GET"]}}],"collection":[{"href":"https:\/\/deichgezwitscher.de\/index.php?rest_route=\/wp\/v2\/pages"}],"about":[{"href":"https:\/\/deichgezwitscher.de\/index.php?rest_route=\/wp\/v2\/types\/page"}],"author":[{"embeddable":true,"href":"https:\/\/deichgezwitscher.de\/index.php?rest_route=\/wp\/v2\/users\/1"}],"replies":[{"embeddable":true,"href":"https:\/\/deichgezwitscher.de\/index.php?rest_route=%2Fwp%2Fv2%2Fcomments&post=23"}],"version-history":[{"count":4,"href":"https:\/\/deichgezwitscher.de\/index.php?rest_route=\/wp\/v2\/pages\/23\/revisions"}],"predecessor-version":[{"id":165,"href":"https:\/\/deichgezwitscher.de\/index.php?rest_route=\/wp\/v2\/pages\/23\/revisions\/165"}],"up":[{"embeddable":true,"href":"https:\/\/deichgezwitscher.de\/index.php?rest_route=\/wp\/v2\/pages\/9"}],"wp:attachment":[{"href":"https:\/\/deichgezwitscher.de\/index.php?rest_route=%2Fwp%2Fv2%2Fmedia&parent=23"}],"curies":[{"name":"wp","href":"https:\/\/api.w.org\/{rel}","templated":true}]}}